 (-3 - 15) + (6 - (2 - -1)).
-15
What is the value of 14 + (3 - (-3 - -13))?
7
What is 25 + -11 + (1 - 0 - 0)?
15
Evaluate -6 + (12 - 15) + 8.
-1
What is 28 + 3 + 1 - (22 - 16)?
26
1 - (-15 + 10) - (1 - -9)
-4
What is the value of 80 + -104 + (0 - -9) - -12?
-3
12 - ((41 - -10) + -23)
-16
Calculate 22 - (1 + -5 - (-4 + -8)).
14
Calculate -9 + 11 - -3 - (-2 + -1 + -1).
9
What is -3 + (-3 - (10 + -5) - (-22 + 16))?
-5
Calculate -19 + (35 - -15) + -8.
23
What is -8 + 0 - (-25 + 0 - -15)?
2
What is the value of -12 + 5 + 2 - (9 + 1)?
-15
9 - (43 + -10 + 3 + 8)
-35
What is 12 + -10 - (-8 - (5 - 2))?
13
(18 - (2 - -3)) + -14
-1
Evaluate (6 - 3) + -4 + 1.
0
What is the value of 2 - 11 - (-17 + (-2 - (15 - 8)))?
17
Evaluate (25 - 35) + 8 + 22.
20
(1 - 1) + -8 - (-14 + (56 - 47))
-3
Calculate -15 - (1 + -17) - -15.
16
What is (-8 - (6 + -3)) + 1?
-10
Evaluate -4 + (-2 - -2) + -4 - (34 - 39).
-3
Evaluate -1 - 1 - (8 + 3 + 91 + -85).
-19
What is the value of -20 + 18 - (6 + -7 + 29)?
-30
What is the value of 8 + (12 + -19 + 0 + 5 - 21)?
-15
8 + -4 + 2 + -16
-10
(0 - 11) + 9 + (-6 - 2) + 2
-8
Evaluate -3 + (3 - 0) - (-12 + 11 - 0).
1
Evaluate 30 - (6 - -14) - -6.
16
What is the value of (-14 + -12 - 2) + 12 - 17?
-33
What is the value of 26 + -49 + (-24 - -23)?
-24
What is -25 - -14 - (3 - -2 - 2) - -6?
-8
What is the value of 8 + -1 + 24 + -8 + -8 + -10?
5
What is the value of -8 - ((1 - -11) + -17) - 22?
-25
12 + 12 + -25 - (-1 - -13)
-13
What is the value of (-9 + (10 - 5) - -2) + 1 - -11?
10
Evaluate (0 - 4) + 1 + 4 - (-8 - -27).
-18
What is the value of 9 + -14 + -1 + (-8 - -10 - 9)?
-13
What is 30 - (17 - -2) - -5?
16
7 - (-8 + 11 + 4 + -1)
1
-29 + (-14 + 15 - -1)
-27
4 + 1 + 2 - (-3 - -9)
1
What is -78 + 105 - (2 - -18)?
7
What is the value of (4 - 6) + (2 - 2) - -8 - -2?
8
What is the value of 6 + 3 + -4 - (624 - 595)?
-24
What is -10 - (-3 + -14) - (3 + 2)?
2
(-2 - -1) + 6 + (-12 - -10) + 0
3
What is -106 + 95 + -3 + -2?
-16
-10 - -18 - (-7 - -4) - -24
35
What is the value of (-722 - -725) + 0 + 0 + 2?
5
What is (1 - 2 - 1) + (-123 - -108)?
-17
What is the value of (20 - (40 + -19)) + (0 - (0 + -8))?
7
Calculate -3 + (-20 + 1 - -15).
-7
What is the value of (13 - 58) + (4 - -65)?
24
Calculate (-20 - (0 + -8)) + -2 + 11.
-3
What is -2 + -6 + 12 + 8 + -18?
-6
(8 - (14 - -4)) + 1
-9
What is 15 - (37 - (23 - -1))?
2
What is the value of 14 + (11 - 11) + -5?
9
0 - (-2 - 20 - -12)
10
Calculate (47 - 22) + (5 - (12 + -17)).
35
What is -11 + (17 + -8 - -2) + (-29 - -8)?
-21
What is the value of 197 + -188 - (2 - -1)?
6
-26 + 9 - (13 + -18) - (4 - 0)
-16
Evaluate (-2 - -1) + (-25 - -29) - (-1 - -5).
-1
Evaluate (-2 - 1) + 103 + -85 - (-1 - -7).
9
What is -311 + 327 - ((0 - -3) + 3)?
10
What is the value of -14 + 1 + 32 + -14?
5
Calculate -9 + 26 - 23 - -18.
12
What is the value of -13 + 0 + (8 - -5 - 9)?
-9
What is -15 + 47 + 18 + -33?
17
(8 - (8 + 0 - 4)) + 4
8
(-2 - (23 - -1)) + 59
33
What is 26 - (0 + 0 - -33)?
-7
What is 6 + (-4 + (5 + -5 - 1) - -2)?
3
What is the value of -11 + 19 + -81 + 81?
8
What is the value of 3 + 0 + 2 + -7 - (131 - 137)?
4
What is the value of (-146 - -145) + 9 + (0 - (-2 + 2))?
8
Evaluate (-1 - -7) + (-56 - -43) + 17.
10
4 - -4 - (0 - -1 - (3 - 8))
2
What is (32 - (51 + 43)) + 44?
-18
Calculate 21 - (-9 + 15 + 9).
6
What is the value of 9 - (1 + 9) - -13?
12
What is -6 - ((11 - (2 - 0)) + 28 + -31)?
-12
301 - 306 - (2 - 1 - (1 + 1))
-4
What is 7 + -10 + 0 + 20 + 117 + -120?
14
Evaluate (-7 + (6 - 2) - -10) + -3.
4
What is the value of 12 + -16 + 17 + -2 + -5?
6
What is 13 + (0 - (-8 + -1) - (5 - -2))?
15
Evaluate 11 + 11 + 5 + (8 - 58).
-23
4 + 0 + -9 + 0 + 3
-2
Evaluate -172 + 185 - (1 - (-36 + 2)).
-22
(-4 - -8) + (5 - -1) + (-20 - -9)
-1
What is -28 - (14 - (56 + 28))?
42
Calculate 30 + -48 - (-13 + 3).
-8
-19 + 15 + 21 - -2 - 10
9
Calculate -23 - 0 - (8 + -59).
28
Evaluate -19 - (-17 + -3 + 18).
-17
Calculate 18 + -1 + (0 - 0) + -1 + -4.
12
What is -134 - -150 - (-2 - -23)?
-5
Calculate -45 - (14 + -29) - -5.
-25
22 + -19 + 7 + -26
-16
Evaluate -9 + (2 - 5) - (58 + -61).
-9
What is 1 + 4 - (-354 + 377)?
-18
Calculate (0 - 1) + (12 + -16 - -10) + 9.
14
5 + -12 + (-9 - -8 - 1)
-9
Calculate (-2 - 10 - -13) + (-4 - -20).
17
Evaluate 32 + (6 - (7 - -19)).
12
Evaluate -4 + 18 + -7 + 0 + 0.
7
-8 - (-106 - -97 - (-1 - -2))
2
Evaluate 12 - (13 + (-4 - -15)).
-12
Calculate (1 - -1 - (-53 + 34) - 10) + -10.
1
Evaluate -7 - ((9 - 0) + 1 - (53 - 54)).
-18
Evaluate 2 + 59 + (-858 - -827).
30
What is the value of 5 - ((-3 - 1) + -6)?
15
Evaluate 23 - 18 - (-2 - (8 + 1)).
16
Calculate -27 + -5 + -25 + 30.
-27
(-25 - -54) + -21 + (15 - 4)
19
What is -1 - (-23 - -12 - -3)?
7
What is the value of -6 + -15 + 54 + -19?
14
What is (33 - 15) + (8 - (-3 - 1))?
30
What is 0 + (-9 - -9) + (6 - 0) + 10?
16
What is the value of (-1 - -1) + -11 - (-2 - 2)?
-7
(9 - (37 + -29 - (2 + 4))) + 5
12
45 - (1 - -9 - (-86 + 84))
33
What is the value of (-15 - (0 - 14)) + 22?
21
Evaluate (24 - 14) + -25 + 10.
-5
What is -1 + (-8 - (5 - (4 - 11))) - 9?
-30
What is the value of (-9 - (-4 - 4) - -8) + -1?
6
2 - (-18 - 0) - (-27 + (-68 - -98))
17
Calculate (12 - 7) + 23 - (4 - 15 - -21).
18
What is the value of -12 + -3 - (16 - (6 + 12))?
-13
(-6 - -4 - -6) + 10 + -8
6
Evaluate -34 - (25 + -42 - 15).
-2
What is (18 + -19 - -15 - 28) + -4 + 1?
-17
Evaluate (7 - 3) + 11 + (6 - 17) + 3.
7
Evaluate -3 - -21 - (4 - 2).
16
-30 - (23 - (-7 - -27))
-33
Calculate -8 + (-21 - -22) + 4.
-3
What is -1 + (-5 - (-3 - 7)) + 0?
4
Evaluate 267 + -265 + 0 + -2 + 0 - -1.
1
What is the value of 4 - (0 + -6 + 2) - 5?
3
Calculate 4 - (1 + -2 + (-4 - (-3 + 14))).
20
What is (16 - -3) + -2 + (-4 - 9 - -5)?
9
What is the value of -1076 + 1082 + (-10 - 1)?
-5
Calculate -6 + (-7 - (1 - (5 - -4))).
-5
Calculate (-3 - (-3 - -9)) + -45 + 53.
-1
What is (-14 + 23 - 14) + -1?
-6
27 + (0 + -28 - 7)
-8
(-3 - -9) + (-32 - -32) + -31
-25
What is the value of -11 + (-7 - (-1 - 9))?
-8
What is the value of -24 - (7 - 9 - 7)?
-15
What is -28 - (27 - (92 + -12))?
25
What is the value of -43 + 88 + -32 - (0 - -11)?
2
What is the value of (0 - 0) + (0 - (4 - 1))?
-3
Evaluate 24 - (11 - (-18 + 23)).
18
-2 + (13 - (41 + -32) - (9 - 1))
-6
Evaluate -17 - (10 - 6) - 11.
-32
Calculate -6 + -1 + 13 + 7 + -5 + 3.
11
What is the value of -1 - 1 - 7 - (-60 + 57 - 31)?
25
-4 + (2 - 3) - (12 - (-17 + 34))
0
What is the value of -9 - 1 - -2 - (15 - (-2 + 48))?
23
What is (29 - 3) + (-33 - (24 + -46))?
15
Evaluate -38 + 72 - 72 - -35.
-3
Evaluate 1753 - 1741 - (1 + 0 + 0).
11
Evaluate 1 + 11 - (27 + (59 - 62)).
-12
1 + 8 + -2 + (6 - 20 - -2)
-5
-4 - -10 - (17 + -4 + 0)
-7
Calculate (-16 - -17 - (1 + -1)) + 35 + -37.
-1
What is -36 - (-2 + 12 + -50)?
4
-11 + 21 - ((-10 - -4 - -10) + 0)
6
Calculate 11 + (-7 - (25 + -18) - 21).
-24
-4 - 3 - (-10 + -16 + 12)
7
-16 + (13 - -4) + (-4 - (0 - -1))
-4
Evaluate 10 + -28 - -15 - -19.
16
Evaluate (-3 - -2) + (-6 - (-12 + 10)) + 11.
6
Evaluate 31 + (46 - 25 - 55).
-3
Calculate 106 - 88 - (1 - -5).
12
Evaluate 28 - (7 - -2 - (-83 - -81)).
17
Evaluate 38 - (-48 - -61) - (0 + (1 - 3)).
27
What is the value of 46 + -6 + -3 + -17?
20
Evaluate 3 - ((-12 - 11) + 20).
6
-246 - -252 - (3 + -1 + 10)
-6
What is 0 + 0 + 17 + -21?
-4
-22 + (56 - 31) + 8 + 0 + -2
9
(6 - -1) + 18 + (15 - 21 - 4)
15
What is the value of (9 - 8) + 2 - (-10 + 14 - -1)?
-2
Evaluate 5 - (-5 + 4 + -2) - (-51 - -45).
14
12 + -43 + 18 + (-1 - -2)
-12
Calculate 2 + 0 - (-162 - -166) - (0 + -2).
0
What is the value of -6 + -7 + -22 + 17 - (1 - -1)?
-20
-48 + 10 + -14 + 31
-21
Calculate (-14 + 0 - -13) + (1 - (2 + 3)).
-5
Evaluate (1 + 16 - 42) + -5 + 15.
-15
What is -8 - -6 - (10 - 1)?
-11
What is the value of 7 - (-21 + 28 - (0 - -16))?
16
Calculate 17 - (15 - (2 + 2)).
6
(-5 + 4 - (17 - 6)) + (2 - 3)
-13
What is the value of (-6 - (12 - -3 - 7)) + -7?
-21
Calculate -7 + 13 + 4 - (33 - (7 - 6)).
-22
-4 + (6 - 5) + (3 - 11)
-11
-2 + (8 - 2) + 1 + 74 + -74
5
What is the value of -20 + (7 - (-18 - -12)) + 31?
24
(-12 - -20) + 1 - -5
14
Evaluate 6 + 9 + -18 + 2.
-1
Calculate (-1 - -19) + -27 + -4 - -49.
36
What is -6 - (-20 - (-15 + 4 - -6))?
9
What is -50 + 51 + (-2 - 3) + 3?
-1
What is the value of 27 - 1 - (-1045 + 10